-3 - 5)).
3
What is 5 - (1 - -2) - 7 - -6?
1
Calculate (1 - -7) + (-33 - -23).
-2
Calculate -1 - (-4 + 3) - (-19 + 22).
-3
What is 3 - (-3 - 0 - -4 - -2)?
0
Calculate -4 + 4 + (-2 - -1) - 1.
-2
Calculate -7 - (-3 - 6 - (4 - -4)).
10
What is -3 - (-6 - (3 + -3 - 0))?
3
What is the value of 1 + -1 + -2 - 3?
-5
Calculate -4 - -6 - (3 + -1).
0
What is 9 - 6 - (5 + -3 + 6)?
-5
What is the value of 2 + (-3 - -3) + (1 - -1)?
4
Evaluate 13 + -6 + 2 + (-2 - 3).
4
-7 - (-11 + 0 - -7) - -2
-1
What is 2 + -2 + -6 + (-1 - -1)?
-6
What is the value of 3 - (-2 - -8 - 3) - -1?
1
What is the value of 8 - (1 - -2 - (3 + -4))?
4
What is 3 + 14 - (-1 - (-1 - 7))?
10
-1 + -2 - (1 + -4)
0
Calculate 6 - (2 - 2 - 1 - -3).
4
-9 - -19 - 7 - (0 + -1)
4
Calculate -13 - (-6 + (-6 - -5)).
-6
Calculate -3 + 3 + 4 + -4.
0
0 - -4 - 4 - (1 - -1)
-2
Evaluate (-6 - (-8 + -2)) + -7.
-3
Evaluate 1 + (-8 + 4 - (1 - 3)).
-1
Calculate (-5 - -6) + -2 + -5.
-6
(2 - 2 - (-7 + 6)) + -6
-5
Calculate (11 - (3 + -3)) + -3.
8
What is 5 + (-5 - (-2 - -4))?
-2
Calculate (-9 - (-9 - 9)) + -7.
2
What is the value of (-1 - (6 + 2 + -13)) + -10?
-6
Calculate (-12 - -8) + -4 + 2.
-6
(64 - 68) + -1 + 0
-5
Calculate -4 - -1 - (-3 + -3 + -4).
7
3 + (4 - 7 - 2) - 0
-2
What is 0 + (-8 - -4 - -2) + 7?
5
What is -1 + 2 - 3 - 3?
-5
1 + 1 + -3 + 5
4
Calculate 0 + -17 + 7 + 0 + 7.
-3
What is the value of 1 + -7 + 1 + 6?
1
Evaluate 12 + -7 + 3 + -4.
4
What is (9 - 2) + -2 + (5 - 5)?
5
Evaluate -6 + -11 + 4 - -4.
-9
What is (-4 - 1) + (4 - 0 - 1)?
-2
-7 - (-5 - (8 + -6))
0
Calculate 4 + 5 + -5 - 10.
-6
What is 4 + -6 + 3 + -4 + 5?
2
What is 6 + (5 + (-23 - -3) - -5)?
-4
(0 + 1 - 3) + (-14 - -17)
1
(-7 - (-1 + 2)) + -116 + 117
-7
What is 1 + 0 + 1 + 0 - -3?
5
Calculate 1 - (11 + -22 + 17).
-5
What is the value of 0 + (3 - 6) - (-8 + 1)?
4
Calculate -2 + (12 + (1 - 7) - 12).
-8
(0 - -2) + -1 + (-3 - -4)
2
Evaluate -9 + 11 + (-8 - -1).
-5
Evaluate -45 - -35 - (-19 - 0).
9
Calculate 6 + (3 - (-3 - -2) - 6).
4
What is the value of -1 - (10 + (-28 - -10))?
7
What is the value of 0 + 8 + 12 + -12?
8
What is the value of (-8 - 9) + 13 - -14?
10
What is the value of 10 - (-8 + 18 - -6)?
-6
What is the value of 0 - (2 + -1 - (-5 - 0))?
-6
What is the value of 3 - (-3 - (-2 + -1))?
3
What is (2 - (3 - 3)) + -2?
0
Calculate -10 - (-3 + -1) - (-1 + -7).
2
What is 6 + -2 + 1 - (-140 + 147)?
-2
What is 2 - 7 - ((-4 - -9) + -9)?
-1
What is the value of (0 - (-1 - -1)) + 5?
5
Evaluate (9 - -3) + -4 - 13.
-5
Evaluate -2 + 1 + -1 + 0 - -2.
0
Calculate (-3 + -1 - (-7 + 7)) + 1.
-3
What is the value of -7 + 1 + 4 + -1?
-3
Evaluate 1 + -5 - (7 - (7 + 2)).
-2
Evaluate -5 - -17 - (5 + -3).
10
What is the value of (17 + -21 - (-1 + 4)) + 3?
-4
Calculate -5 - (5 - (2 - -14)).
6
What is the value of (6 - 1) + -8 - -4?
1
What is the value of (-1 - -2) + 7 + -9?
-1
Calculate (9 - 1) + (15 - 17).
6
Calculate -2 - (1 + -2 - -1).
-2
Evaluate 6 - (-4 + (28 - 12)).
-6
What is the value of 1 - ((-1 - -4) + 2) - -5?
1
Calculate 1 - (3 + 3 + -7).
2
What is 3 - ((2 - 1) + 11 + -5)?
-4
(11 - (-3 - -11)) + -3
0
What is 21 + -19 + -6 + 2 + 4?
2
What is (3 - (-8 - -1)) + -8?
2
What is (3 - (5 - -1)) + 6?
3
Calculate -9 + (19 - -1) + -10.
1
Calculate (13 - 5) + -6 + -4.
-2
Calculate 2 + 0 + (0 - (-1 + 2)).
1
What is -6 + 0 + (-10 - (2 - 12))?
-6
(15 - (8 - -4)) + 3
6
-5 + 1 + 1 + 4
1
Calculate (4 - -7 - 5) + -4.
2
What is the value of 1 + -6 - (-4 - -9 - 5)?
-5
What is the value of (0 - 3) + 7 - (0 + 3)?
1
Calculate 9 + (-14 - 1 - 1).
-7
-2 + 1 + (5 - 3)
1
(34 - 33) + (0 - 0)
1
What is (2 + 1 - 4) + -2 + -1?
-4
Evaluate (1 - 4 - -1) + (-13 - -15).
0
What is the value of 6 + -3 - (-1 + 4)?
0
Evaluate (-10 - (-11 + 4)) + 2 + -3.
-4
(-7 + 14 - 7) + (-3 - -1)
-2
Calculate 3 - (0 + (0 + 4 - -5)).
-6
Calculate (-2 - 1) + (5 - -1) + -8.
-5
What is the value of (4 - -3) + -5 - -6 - 6?
2
Evaluate (5 + -2 - 5) + 6.
4
Calculate -7 + 1 - (6 + -9) - -4.
1
Evaluate 13 + 32 + -40 + 3 + 1.
9
What is the value of 2 + (-1 - 3) + 2?
0
-2 + 1 - (-3 - -2)
0
What is 0 + -4 - (-3 + -6 - -1)?
4
What is -27 + (30 - -1) - (0 - -2)?
2
What is the value of (-9 - -7) + -2 + 4?
0
-3 - (-7 + (0 - -8))
-4
Evaluate 0 - (-1 + -2) - (5 + -6).
4
What is -1 + -2 + (-2 - 3) - -3?
-5
What is -5 + 14 + (0 - 7)?
2
What is -32 + 41 + (-2 + 2 - 4)?
5
2 - (2 - (-2 - -7)) - 0
5
Evaluate -4 + (4 - -3) - 0.
3
Evaluate 4 - 1 - (3 - (4 - 3)).
1
Calculate -8 - -6 - (-1 + -2).
1
What is -18 - -19 - ((-2 - 0) + 5)?
-2
Evaluate -7 - (-4 + (-1 - -1) + -4).
1
-1 + (0 - (1 + -5))
3
What is -3 - (-11 - -6 - 3)?
5
What is the value of 9 - (1 - (-4 + -2))?
2
Evaluate -8 - -7 - (-1 - -5 - 8).
3
What is the value of -9 + (3 - -3) - 0?
-3
Calculate (-4 - -12) + -6 + -7 - -10.
5
What is 1 - (2 + 3 + (6 - 10))?
0
Evaluate (2 - -1) + (-2 + 7 - 5).
3
Evaluate -7 + (4 - 2) - -4.
-1
Evaluate -7 - (6 + -14) - 0.
1
What is -2 - (0 - 0 - -1)?
-3
What is the value of -3 - (-8 - -3) - (2 + 3)?
-3
Calculate (-3 - 1) + (2 - 5) - -4.
-3
What is (1 - -1) + (0 + -3 - -2)?
1
Calculate 1 + (0 - (4 - 0)).
-3
Evaluate -3 - -1 - ((1 - -1) + 0).
-4
2 + -4 + 1 - 3
-4
What is 0 + -3 - (54 - 54)?
-3
What is the value of (10 - (-8 - -22)) + 6?
2
(-1 + 2 - (-6 - -3)) + 0
4
Calculate (-5 - (3 + -3 - 3)) + -3.
-5
Calculate 45 + -31 + (-5 - 0).
9
Calculate 10 + (5 - 11) - (14 - 3).
-7
What is the value of -7 + 7 + 3 + -2 + -1?
0
Calculate (-5 - -7) + (1 - -4) + -7.
0
What is 4 - (-1 + 7 + -3)?
1
What is -12 - (1 - (2 + 0))?
-11
What is (0 - 0) + -8 + 12?
4
What is -6 + 18 + -17 - (-1 - 3)?
-1
(-6 - 1) + 2 - -9
4
What is -8 - -6 - (-2 - (-2 - 2))?
-4
Calculate 9 - (11 - 14 - -10).
2
Calculate 16 - (7 + (-5 - -10)).
4
Evaluate -2 + (5 - 3) - -1.
1
What is 2 + (-2 - 5) - (-4 + 2)?
-3
-12 - -8 - (-11 + 5)
2
What is 0 - (-3 - (2 + -2 + -2))?
1
Calculate (9 + 1 + -4 - -1) + -1.
6
8 - 10 - ((1 - 3) + -7)
7
What is -5 + (2 - (0 - 3))?
0
3 + -4 - (-2 + 2)
-1
Calculate 0 - -2 - 7 - (4 - 15).
6
-6 - (-8 + -6) - 13
-5
What is the value of (-7 - -6) + (0 - -4)?
3
Evaluate 4 + 2 + 9 + -14.
1
Calculate 3 - (-2 - (-9 - -4)).
0
What is the value of (0 - -3) + 2 + 10 + -15?
0
Calculate -3 - (4 + -2) - -6.
1
What is the value of 10 + (-6 + -7 - -3)?
0
Calculate 0 - ((45 - 43) + -2 + 1).
-1
What is 3 - (0 + (-8 - -4) + 7)?
0
1 + -13 - (102 - 110)
-4
1 + (4 - 6) - (5 + 1)
-7
What is the value of (4 - -4) + -1 + -4?
3
Evaluate 0 - (-1 + -2 + 0 - -1).
2
What is -1 + (4 - (4 + 1)) + 10?
8
What is -6 + 8 + (-3 - 1)?
-2
What is 18 - (-8 - -13 - -4)?
9
Calculate -2 - 0 - (40 + -35).
-7
What is the value of 17 + 21 + -47 - (0 + -8)?
-1
What is -3 + 6 + -2 + (0 - 2)?
-1
Calculate -1 - (-5 - -1) - 6.
-3
What is (2 + -6 - -5) + 3 + -8?
-4
What is 1 + -6 + (3 - 4)?
-6
0 + (-2 - (1 - (1 - -1)))
-1
Calculate 8 + (-3 - (1 - (4 - 3))).
5
Calculate (3 - -1) + (5 - 4).
5
Calculate 29 + -29 - (1 - -4).
-5
0 + 3 + -1 - 4 - 3
-5
Calculate -4 - (2 + (0 - 4)).
-2
-9 - 5 - -8 - -3
-3
Calculate -5 + 7 + -5 - -3.
0
Evaluate 4 + -2 + (-8 - -2).
-4
Calculate -5 - (-1 - (4 - 2)).
-2
(-4 - (-3 - (4 + -2))) + -2
-1
(5 - (4 + 0)) + 1
2
(-4 - 0 - -1) + 2 + 3
2
Evaluate -59 + 60 + -1 + -6.
-6
(-1 - (-7 - -3)) + 2
5
What is the value of (-4 - (6 + -5)) + 6 + -3?
-2
Evaluate (1 - 2) + -3 + (-1 - -13).
8
What is the value of 3 + (0 - 1) - (-1 + 0)?
3
What is the value of 9 - (6 - (2 + -3))?
2
What is the value of (2 - -2) + (4 - (3 - -1))?
4
1 + 9 + (-2 - -1) + -7
2
What is (5 - 6) + (-5 - -3)?
-3
Calculate -2 + 7 - (10 - 9).
4
6 + (-7 - (7 - 14))
6
What is (0 - 0) + 0 + (10 - 4)?
6
2 - (3 + -1 - 5)
5
Evaluate 5 - (10 + 8 + -9).
-4
Evaluate -4 - -3 - -2 - 6.
-5
What is the value of -1 + -2 + (3 + 2 - -1)?
3
(-3 - (-6 - -5)) + 1 - 1
-2
Evaluate (3 - 7) + 4 + (0 - 0).
0
What is 0 + 4 + (-2 - 2)?
0
What is the value of 7 - (6 - (3 + 1) - -15)?
-10
Evaluate 1 - 3 - -5 - (-11 + 12).
2
What is -4 + 6 + 0 + 2?
4
What is (0 - 4) + 41 + -44?
-7
What is the value of -30 - -34 - (-2 - -12)?
-6
-1 - (-3 + (-1 - -1) + 1)
1
What is the value of (1 - (4 + -1)) + (-24 - -23)?
-3
Calculate (-88 - -84) + (0 - (1 - 5)).
0
Calculate -19 + 9 - (-3 - 6).
-1
Evaluate (1 + -4 - (1 - 0)) + 7.
3
(2 - 7) + 7 + -7
-5
Evaluate -1 + 4 + -4 + 1 - -5.
5
Evaluate 4 - -1 - 2 - 7.
-4
Calculate -1 + 5 + (4 - (10 + -6)).
4
Calcul